{"id":711,"date":"2024-06-11T15:54:42","date_gmt":"2024-06-11T13:54:42","guid":{"rendered":"https:\/\/www.harleyfreunde-coschuetz.de\/?page_id=711"},"modified":"2025-03-27T17:23:29","modified_gmt":"2025-03-27T16:23:29","slug":"treffen-2024","status":"publish","type":"page","link":"https:\/\/www.harleyfreunde-coschuetz.de\/?page_id=711","title":{"rendered":"TREFFEN 2025"},"content":{"rendered":"<p>[et_pb_section fb_built=&#8221;1&#8243; _builder_version=&#8221;4.14.1&#8243; _module_preset=&#8221;default&#8221; background_color=&#8221;#000000&#8243; custom_margin=&#8221;||-64px|||&#8221; global_colors_info=&#8221;{}&#8221;][et_pb_row column_structure=&#8221;1_2,1_2&#8243; _builder_version=&#8221;4.14.1&#8243; _module_preset=&#8221;default&#8221; global_colors_info=&#8221;{}&#8221;][et_pb_column type=&#8221;1_2&#8243; _builder_version=&#8221;4.14.1&#8243; _module_preset=&#8221;default&#8221; global_colors_info=&#8221;{}&#8221;][et_pb_image src=&#8221;https:\/\/www.harleyfreunde-coschuetz.de\/wp-content\/uploads\/2025\/03\/Vorderseite.png&#8221; title_text=&#8221;Vorderseite&#8221; _builder_version=&#8221;4.14.1&#8243; _module_preset=&#8221;default&#8221; width=&#8221;86%&#8221; max_width=&#8221;100%&#8221; global_colors_info=&#8221;{}&#8221;][\/et_pb_image][\/et_pb_column][et_pb_column type=&#8221;1_2&#8243; _builder_version=&#8221;4.14.1&#8243; _module_preset=&#8221;default&#8221; global_colors_info=&#8221;{}&#8221;][et_pb_text _builder_version=&#8221;4.14.1&#8243; _module_preset=&#8221;default&#8221; text_text_color=&#8221;#FFFFFF&#8221; global_colors_info=&#8221;{}&#8221;]<\/p>\n<p>Auch in diesem Jahr laden wir wieder zu unserem Bikertreffen ein. Dies wird wieder bei bestem Ambiente auf der Burgruine in Elsterberg stattfinden.<\/p>\n<p>Start ist Freitagabend, am 04.07.2025, um 17 Uhr. Bei Musik aus der Konserve, k\u00fchlen Getr\u00e4nken und Grillgut l\u00e4uten wir das Wochenende ein.<\/p>\n<p>Am Samstag, dem 05.07.2025, stehen wieder ganztags Essen und Getr\u00e4nke zur Verf\u00fcgung. Weiterhin startet unsere allj\u00e4hrliche Ausfahrt. Diese dauert ca. 2h. Die Aufstellung erfolgt 13:30 Uhr VOLLGETANKT(!) auf dem Elsterberger Markt. Start ist 14 Uhr.<\/p>\n<p>Nach Wiederankunft auf der Burgruine werden uns die Bands\u00a0 <strong>BAROTRAUMA<\/strong> und<strong> DESURRECTION <\/strong>die Ehre erweisen und ab ca. 20 Uhr bei bestem Metal so richtig einheizen!<\/p>\n<p>Wir freuen uns auf euer Erscheinen und viele Benzingespr\u00e4che!!!<\/p>\n<p>&nbsp;<\/p>\n<p><strong>WICHTIGE INFORMATIONEN<\/strong><\/p>\n<p>Die Zufahrt auf die Burgruine ist f\u00fcr Motorr\u00e4der erlaubt, f\u00fcr PKW&#8217;s hingegen verboten. Eine entsprechende Ausschilderung wird unsererseits angebracht.\u00a0<\/p>\n<p>Es besteht die M\u00f6glichkeit, auf der Burgruine mittels Zelt zu \u00fcbernachten. Ein Fr\u00fchst\u00fcck bieten wir sowohl am Samstag als auch am Sonntag von 8:30 Uhr bis 10 Uhr an.<\/p>\n<p>[\/et_pb_text][\/et_pb_column][\/et_pb_row][\/et_pb_section][et_pb_section fb_built=&#8221;1&#8243; _builder_version=&#8221;4.14.1&#8243; _module_preset=&#8221;default&#8221; background_color=&#8221;#000000&#8243; min_height=&#8221;223px&#8221; custom_padding=&#8221;0px|||||&#8221; global_colors_info=&#8221;{}&#8221;][et_pb_row column_structure=&#8221;1_2,1_2&#8243; _builder_version=&#8221;4.14.1&#8243; _module_preset=&#8221;default&#8221; global_colors_info=&#8221;{}&#8221;][et_pb_column type=&#8221;1_2&#8243; _builder_version=&#8221;4.14.1&#8243; _module_preset=&#8221;default&#8221; global_colors_info=&#8221;{}&#8221;][et_pb_image src=&#8221;https:\/\/www.harleyfreunde-coschuetz.de\/wp-content\/uploads\/2025\/03\/Barotrauma.jpg&#8221; title_text=&#8221;Barotrauma&#8221; align=&#8221;center&#8221; _builder_version=&#8221;4.14.1&#8243; _module_preset=&#8221;default&#8221; background_color=&#8221;#000000&#8243; global_colors_info=&#8221;{}&#8221;][\/et_pb_image][\/et_pb_column][et_pb_column type=&#8221;1_2&#8243; _builder_version=&#8221;4.14.1&#8243; _module_preset=&#8221;default&#8221; global_colors_info=&#8221;{}&#8221;][et_pb_image src=&#8221;https:\/\/www.harleyfreunde-coschuetz.de\/wp-content\/uploads\/2025\/03\/Desurrection.png&#8221; title_text=&#8221;Desurrection&#8221; _builder_version=&#8221;4.14.1&#8243; _module_preset=&#8221;default&#8221; background_color=&#8221;#000000&#8243; global_colors_info=&#8221;{}&#8221;][\/et_pb_image][\/et_pb_column][\/et_pb_row][\/et_pb_section]<\/p>\n","protected":false},"excerpt":{"rendered":"<p>Auch in diesem Jahr laden wir wieder zu unserem Bikertreffen ein. Dies wird wieder bei bestem Ambiente auf der Burgruine in Elsterberg stattfinden. Start ist Freitagabend, am 04.07.2025, um 17 Uhr. Bei Musik aus der Konserve, k\u00fchlen Getr\u00e4nken und Grillgut l\u00e4uten wir das Wochenende ein. Am Samstag, dem 05.07.2025, stehen wieder ganztags Essen und Getr\u00e4nke [&hellip;]<\/p>\n","protected":false},"author":1,"featured_media":0,"parent":0,"menu_order":0,"comment_status":"closed","ping_status":"closed","template":"","meta":{"_et_pb_use_builder":"on","_et_pb_old_content":"","_et_gb_content_width":"","footnotes":""},"class_list":["post-711","page","type-page","status-publish","hentry"],"_links":{"self":[{"href":"https:\/\/www.harleyfreunde-coschuetz.de\/index.php?rest_route=\/wp\/v2\/pages\/711","targetHints":{"allow":["GET"]}}],"collection":[{"href":"https:\/\/www.harleyfreunde-coschuetz.de\/index.php?rest_route=\/wp\/v2\/pages"}],"about":[{"href":"https:\/\/www.harleyfreunde-coschuetz.de\/index.php?rest_route=\/wp\/v2\/types\/page"}],"author":[{"embeddable":true,"href":"https:\/\/www.harleyfreunde-coschuetz.de\/index.php?rest_route=\/wp\/v2\/users\/1"}],"replies":[{"embeddable":true,"href":"https:\/\/www.harleyfreunde-coschuetz.de\/index.php?rest_route=%2Fwp%2Fv2%2Fcomments&post=711"}],"version-history":[{"count":5,"href":"https:\/\/www.harleyfreunde-coschuetz.de\/index.php?rest_route=\/wp\/v2\/pages\/711\/revisions"}],"predecessor-version":[{"id":730,"href":"https:\/\/www.harleyfreunde-coschuetz.de\/index.php?rest_route=\/wp\/v2\/pages\/711\/revisions\/730"}],"wp:attachment":[{"href":"https:\/\/www.harleyfreunde-coschuetz.de\/index.php?rest_route=%2Fwp%2Fv2%2Fmedia&parent=711"}],"curies":[{"name":"wp","href":"https:\/\/api.w.org\/{rel}","templated":true}]}}